{"id":575,"date":"2024-09-11T23:24:42","date_gmt":"2024-09-11T23:24:42","guid":{"rendered":"https:\/\/premiumcontainers.pl\/?page_id=575"},"modified":"2024-09-13T07:24:48","modified_gmt":"2024-09-13T07:24:48","slug":"cookies","status":"publish","type":"page","link":"https:\/\/premiumcontainers.pl\/?page_id=575","title":{"rendered":"cookies"},"content":{"rendered":"\n<div style=\"height:65px\" aria-hidden=\"true\" class=\"wp-block-spacer\"><\/div>\n\n\n\n<p>Nasza strona dotycz\u0105ca sprzeda\u017cy kontener\u00f3w modu\u0142owych wykorzystuje pliki cookies w celu poprawy jej funkcjonalno\u015bci oraz analizowania ruchu u\u017cytkownik\u00f3w. Pliki te pomagaj\u0105 nam dostosowa\u0107 tre\u015bci do Twoich potrzeb oraz zapewni\u0107 prawid\u0142owe dzia\u0142anie strony.<\/p>\n\n\n\n<p>Mo\u017cesz zmieni\u0107 ustawienia plik\u00f3w cookies w swojej przegl\u0105darce. Pami\u0119taj, \u017ce ich wy\u0142\u0105czenie mo\u017ce wp\u0142yn\u0105\u0107 na prawid\u0142owe dzia\u0142anie niekt\u00f3rych funkcji strony.<\/p>\n","protected":false},"excerpt":{"rendered":"<p>Nasza strona dotycz\u0105ca sprzeda\u017cy kontener\u00f3w modu\u0142owych wykorzystuje pliki cookies w celu poprawy jej funkcjonalno\u015bci oraz analizowania ruchu u\u017cytkownik\u00f3w. Pliki te pomagaj\u0105 nam dostosowa\u0107 tre\u015bci do Twoich potrzeb oraz zapewni\u0107 prawid\u0142owe dzia\u0142anie strony. Mo\u017cesz zmieni\u0107 ustawienia plik\u00f3w cookies w swojej przegl\u0105darce. Pami\u0119taj, \u017ce ich wy\u0142\u0105czenie mo\u017ce wp\u0142yn\u0105\u0107 na prawid\u0142owe dzia\u0142anie niekt\u00f3rych funkcji strony.<\/p>\n","protected":false},"author":1,"featured_media":0,"parent":0,"menu_order":0,"comment_status":"closed","ping_status":"closed","template":"","meta":{"_kadence_starter_templates_imported_post":false,"_kad_post_transparent":"","_kad_post_title":"","_kad_post_layout":"","_kad_post_sidebar_id":"","_kad_post_content_style":"","_kad_post_vertical_padding":"","_kad_post_feature":"","_kad_post_feature_position":"","_kad_post_header":false,"_kad_post_footer":false,"_kad_post_classname":"","footnotes":""},"class_list":["post-575","page","type-page","status-publish","hentry"],"_links":{"self":[{"href":"https:\/\/premiumcontainers.pl\/index.php?rest_route=\/wp\/v2\/pages\/575","targetHints":{"allow":["GET"]}}],"collection":[{"href":"https:\/\/premiumcontainers.pl\/index.php?rest_route=\/wp\/v2\/pages"}],"about":[{"href":"https:\/\/premiumcontainers.pl\/index.php?rest_route=\/wp\/v2\/types\/page"}],"author":[{"embeddable":true,"href":"https:\/\/premiumcontainers.pl\/index.php?rest_route=\/wp\/v2\/users\/1"}],"replies":[{"embeddable":true,"href":"https:\/\/premiumcontainers.pl\/index.php?rest_route=%2Fwp%2Fv2%2Fcomments&post=575"}],"version-history":[{"count":3,"href":"https:\/\/premiumcontainers.pl\/index.php?rest_route=\/wp\/v2\/pages\/575\/revisions"}],"predecessor-version":[{"id":681,"href":"https:\/\/premiumcontainers.pl\/index.php?rest_route=\/wp\/v2\/pages\/575\/revisions\/681"}],"wp:attachment":[{"href":"https:\/\/premiumcontainers.pl\/index.php?rest_route=%2Fwp%2Fv2%2Fmedia&parent=575"}],"curies":[{"name":"wp","href":"https:\/\/api.w.org\/{rel}","templated":true}]}}